*2 + 4*r + 6. Let b(d) = -7*d - 2*d**2 + 4*d**2 - 11 + 2*d - 4*d. Let x(k) = 3*b(k) + 5*p(k). What is x(8)?
5
Let i(x) = 1 + 1 - x + 9 + 0*x. Let r = 350 + -341. What is i(r)?
2
Let u = 10 - 4. Let j(q) = u*q**3 - 105 - q + 104 - q**3 + q**2. Determine j(-1).
-4
Suppose 5*k + 4*l + 25 = 0, 0*k - 21 = -4*k + 5*l. Suppose -1415 = -5*t - 0*t. Let p(y) = 4*y + 282 - 10*y - t. What is p(k)?
5
Let z(l) = -2*l + 3. Let k(d) = 7*d - 8. Let m(a) = 4*k(a) + 11*z(a). Calculate m(-4).
-23
Let n(o) be the second derivative of o**3/6 + 2*o**2 + 105*o. Calculate n(-4).
0
Let t(m) = m**2 - 9*m - 18. Let c be t(0). Let p(k) = -k**3 - 18*k**2 + k + 9. What is p(c)?
-9
Let b(h) = -16*h**3 + h**2 - h. Let k be (-4)/(-3)*9/6. Suppose -4 + 0 = -5*a + 4*v, -v + 12 = k*a. Suppose -a*c - 3 = t, -5*t - 5*c = -0*c. Calculate b(t).
-16
Let b(f) = -22*f**2 - 2*f + 25*f**2 - 5 + 11*f - 1. Let q(y) = 2*y**2 + 6*y - 4. Let m(k) = 5*b(k) - 8*q(k). Give m(2).
-8
Let a(d) = 3*d**2 - 3*d + 3. Let g be (-488)/(-9) - 2/9. Suppose 3*h + g = 6*h. Let w = 20 - h. Give a(w).
9
Let s = -32 + 40. Let x be -4*(-8 + 2) + -2. Let v(h) = -10 - 3 + 24*h + 4 - x*h. Give v(s).
7
Let j(s) = -s**2 + 12*s + 6. Let y be j(12). Let h(m) = -5*m. Let z(a) = -9*a. Let g(p) = y*z(p) - 11*h(p). Suppose 5*n = -3 - 7. What is g(n)?
-2
Let j(g) = -g**3 - g**2 + 1. Let a(l) = -5*l**3 - 2*l**2 + 5. Suppose -6 = -p - 5. Let f(w) = p*a(w) - 6*j(w). Let d be f(-4). Let q(m) = 9*m - 1. Give q(d).
-10
Let w(c) = 5*c**2 - 6*c + 5. Let z(p) = -3*p**2 + 5*p - 4. Let h(d) = 2*w(d) + 3*z(d). Determine h(-5).
8
Let v be (0 - -4) + 4 + -2. Suppose 21 = 3*j + v. Let a(d) = d**3 - 5*d**2 - 2*d - 5. Determine a(j).
-15
Let m(b) = 4*b**2 + b - 1. Suppose 5*g + 3*x + 2*x - 15 = 0, 0 = -3*g - x + 1. Let q(o) = 3 - 2 + 2*o**2 + 0*o + 2*o. Let d be q(g). What is m(d)?
4
Suppose -b - 2*x + 4*x - 4 = 0, -5*b + 16 = 2*x. Let r(l) be the first derivative of l**3 + l**2/2 + l - 14. Calculate r(b).
15
Let b(u) = -16*u + 7*u + 7*u - 7. Let q be (-15)/(-6)*24/10. Let n = -11 + q. Give b(n).
3
Let q(g) be the second derivative of 1/6*g**3 + 0 + 7*g - 5/2*g**2. What is q(3)?
-2
Suppose 3*u - 219 = -264. Let d(t) = -t**3 - 15*t**2 + t + 15. Calculate d(u).
0
Let h = 81 + -77. Let m(g) = 3*g - 6. Give m(h).
6
Let z be 1/(3/(3/1)). Suppose -2*r - 3 - z = 0. Let n(m) be the third derivative of m**6/120 + m**5/30 - m**4/12 + m**3/6 - 8*m**2. Determine n(r).
5
Let o(n) = -8*n**2. Let s be 3*(48/9 - 5). Calculate o(s).
-8
Suppose -3*t + 4 = -2*m + 7*m, -8 = t - 3*m. Let n(g) = -g - 1. Let d(f) = 13*f + 8. Let s(b) = d(b) + 5*n(b). Determine s(t).
-13
Suppose -4*t + 42 = -82. Let z = t - 31. Let a(s) = s + 4. Calculate a(z).
4
Let p(n) be the first derivative of -n**4/24 - 5*n**3/6 - 9*n**2/2 + 18. Let t(l) be the second derivative of p(l). What is t(-4)?
-1
Let c(s) = -s**2 - 4*s + 1. Suppose 2*h - 5*h + 9 = 0. Let p(y) = -53*y - 106. Let m be p(-2). Suppose h*n + 2*n + 20 = m. What is c(n)?
1
Let z(q) = 3*q**3 + q**2 + 1. Let h(f) = 2*f**3 - 6*f**2 - f - 10. Let x(r) = h(r) - z(r). What is x(-7)?
-4
Let a(k) = -k**2 + 18*k + 3. Let u(l) = -8*l - 118. Let v be u(-17). Determine a(v).
3
Suppose 47*c = 26*c + 147. Let x(t) = -t**2 + 6*t - 3. Calculate x(c).
-10
Let z(g) = 2*g - 1. Let x be z(1). Let p = -123 - -127. Let c(o) = -46*o**2 + o + p*o**3 - 44*o**2 + 88*o**2. What is c(x)?
3
Let q(z) = -z**3 + 2*z**2 - 2*z + 6. Let a be q(2). Let s(g) = a + 2 - 3 - 2 + g. Give s(-3).
-4
Let i = -19 - -22. Let t be (-2)/(1 - (6 - i)). Let g(u) = 6*u**2 - 1. Determine g(t).
5
Let a(x) be the first derivative of -x**4/4 + 4*x**3 + 13*x**2/2 + 147. Give a(13).
0
Let w be 7/((-28)/16)*(-4)/96. Let z(o) be the second derivative of -4*o**2 - 5*o - w*o**3 + 0. Give z(-7).
-1
Let u(t) = -113*t + 2. Let z be u(-1). Let h(s) = 101*s - 6 + 6 - z*s. What is h(2)?
-28
Let b(c) = -c**3 - 9*c**2 + 23*c + 14. Suppose 0*o - 4*o - p = 42, -o - 13 = -p. Give b(o).
3
Let p(t) = 2*t - 5. Let z(n) = -4*n**3 + 2*n**2 - 1. Let l be z(1). Let w(q) = q - 4. Let b(d) = l*w(d) + 2*p(d). Determine b(6).
8
Let r(p) = -p**3 + 4*p**2 - 2*p + 3. Let i be 0 + -5 + 2 + -8. Let l = -1 + -12. Let q = i - l. Determine r(q).
7
Let b(v) = -v + 41. Let w(z) = -2*z + 117. Let o(x) = 17*b(x) - 6*w(x). Calculate o(0).
-5
Suppose s + 4 = 7. Suppose 0 = -3*r + c + 20, 5*r - s*c - 40 = -0*r. Let j(m) = -m**3 + 4*m**2 + 7*m - 5. Determine j(r).
5
Let v = -46 + 40. Let b(h) be the third derivative of -7*h**4/24 - h**3/6 + h**2. Let l(r) = -15*r - 3. Let y(x) = v*l(x) + 13*b(x). Give y(0).
5
Let s(f) = 13*f**3 + 9*f**2 - 7*f - 9. Let w(h) = 7*h**3 + 5*h**2 - 4*h - 5. Let x(u) = -4*s(u) + 7*w(u). Suppose 90 - 81 = -9*t. Calculate x(t).
3
Let u(r) = -r**3 + r + 14. Let l(j) = -j**3 - 4*j**2. Let k be l(-5). Suppose 4*c - 14 = 6, 2*w - 5*c = -k. Calculate u(w).
14
Let w(f) = 94*f - 7 + 4*f**2 - 94*f. Let o(r) = -3*r**2 + 8. Let p(a) = -5*o(a) - 4*w(a). Give p(0).
-12
Suppose 13*i = 60 - 8. Let n be 4/(-6) - (-4)/6. Let m(b) = 0 + b - 3 + n - b**2 + i. Give m(-3).
-11
Let s = 40 - 28. Suppose 0 = -4*p + 2 + 18. Suppose -p*o = -o + s. Let x(b) = -2*b**2 - 3*b + 2. What is x(o)?
-7
Suppose -5*l - 16 = -1. Suppose 2*s + 2 = 0, 0 = -i - 4*s + 1 - 2. Let d(n) = -3 - 63*n**3 - 3*n**2 - 2*n - 65*n**3 - 66*n**3 + 193*n**i. Give d(l).
3
Let o(l) = -8*l + 5 - 5*l + 1 + 24*l - 10*l. Suppose 4*x - 2*x = 2*k, 2*x - 4 = k. Suppose -x*t = -t. Give o(t).
6
Let l(g) = 2*g**2 + 8*g - 6. Suppose -3*r + 16*r = -78. Calculate l(r).
18
Let g(y) be the second derivative of -y**4/12 + y**3/2 - y**2/2 + 80*y - 1. Give g(1).
1
Let p(u) = -4*u**2 - 8*u + 1. Let z = 66 - 62. Let g(o) = 5*o**2 + 8*o. Let h(k) = z*p(k) + 3*g(k). What is h(-7)?
11
Suppose 3*i + 2*m - 46 = 7, 0 = 2*i - m - 47. Let u = i - 18. Let s(p) = -4 - 2*p - p**2 - u*p**3 + 2*p**3 - 5 + 8. Determine s(-1).
1
Let x(n) be the third derivative of n**6/60 + n**5/30 - n**4/12 - n**3/2 - 40*n**2. Let b be (-2 - 1) + 12/(-6). Let z = 3 + b. Calculate x(z).
-7
Let d(z) be the first derivative of z**3/3 - 5*z**2/2 - 7*z + 8. Let t(r) = -2*r**2 + 5*r + 8. Let g(h) = -3*d(h) - 2*t(h). Let b be (-1 + 0 + -4)*1. Give g(b).
5
Let h(f) = 133*f**3 - 132*f**3 - 6*f + 3 + 15*f - 10*f**2. What is h(9)?
3
Let f be 7*6/252*0. Let a(z) be the third derivative of 0 + 7/24*z**4 - 6*z**2 + 1/6*z**3 + f*z. What is a(1)?
8
Let m(k) = -k**3 - k**2. Let w be 3*3/(7 - -2). Suppose 10 = 3*o + w. Suppose 3*b - o = -3*g, -4*g = -6*b + b + 14. What is m(g)?
0
Let c(y) = y - 4. Let w(t) = -t**2 + 5*t + 2. Let k be w(5). Suppose 4*p + 14 = -m, 2*m - 16 = -k*m + 2*p. Suppose 5*l - 2 = -h - m*h, -4*l = 2*h. Give c(h).
0
Let s(c) = -4*c - 38. Let g(l) = 4*l + 38. Let q(i) = -4*g(i) - 5*s(i). Let d be q(-8). Let y(m) = -2*m + 7. Calculate y(d).
-5
Let r(g) = 2*g**2 - 1. Let s be r(-2). Suppose -5*c + 32 = s. Let n = -3 + c. Let m(p) = -7*p + 2. Determine m(n).
-12
Let z be (1*3)/(18 + -15). Let v(x) be the third derivative of 23*x**5/60 - x**4/24 + x**3/6 + 3*x**2. Give v(z).
23
Let s(u) = -17*u + 8. Let k(b) = -6*b + 3. Let h(n) = 11*k(n) - 4*s(n). Let c = 4662 - 4669. Calculate h(c).
-13
Let f(q) = 17 - 85 + 34 + 0*q**2 + q**2 + 8*q + 31. Suppose 32 = -i - 3*i. What is f(i)?
-3
Let t(g) = 4*g. Let d(v) = -15*v - 17. Let r(q) = -d(q) - 4*t(q). Calculate r(0).
17
Let k(c) be the first derivative of -c**3/3 + 11*c**2/2 + 5*c + 324. Give k(11).
5
Let h be (0/1)/(-1) + 2/1. Suppose h*u = -10*u - 36. Let f(v) = -v**3 - 3*v**2 + 3*v + 4. Calculate f(u).
-5
Let n(m) be the first derivative of m**3/3 + m**2 + 5*m + 1. Let h(f) = -17*f**2 - 5*f - 3. Let y be h(-2). Let u = y + 57. What is n(u)?
13
Let r(s) = 9*s**2 - 54*s - 8*s**2 + 2 + 63*s. Calculate r(-5).
-18
Let i(f) = -f**3 + 6*f**2 + 2*f + 2. Let r(y) = y**3 - y**2. Let w(b) = -i(b) - 2*r(b). Let p be -1*6 + -8 + 10. Give w(p).
6
Let u(b) = 14*b + 11. Let i(c) = 12*c + 9. Let y(x) = -6*i(x) + 5*u(x). What is y(2)?
-3
Let s(r) = 3 + 1 + 117*r - 115*r. Let d(q) = -q - 16. Let h be d(-12). What is s(h)?
-4
Let n(c) = -8*c**2 - c. Let k(y) = 23*y**2 + y - 2. Let z(r) = k(r) + 3*n(r). Let q = -2 - -4. Let x = q - 4. Give z(x).
-2
Let s(c) be the third derivative of 1/60*c**5 + 0 - 7/24*c**4 - 1/3*c**3 + 0*c + 9*c**2. What is s(6)?
-8
Let o(c) = -6*c. Let g